{"id":419,"date":"2024-10-18T16:51:18","date_gmt":"2024-10-18T19:51:18","guid":{"rendered":"https:\/\/econgeo.com.br\/new\/?page_id=419"},"modified":"2024-10-20T22:10:12","modified_gmt":"2024-10-21T01:10:12","slug":"econgeo-atuacao-departamental-e-setorial","status":"publish","type":"page","link":"https:\/\/econgeo.com.br\/new\/index.php\/econgeo-atuacao-departamental-e-setorial\/","title":{"rendered":"eCONGEO, atua\u00e7\u00e3o Departamental e Setorial"},"content":{"rendered":"<p><span class=\"su-dropcap su-dropcap-style-flat\" style=\"font-size:2em\">A<\/span> presta\u00e7\u00e3o de servi\u00e7os abrange os seguintes departamentos e setores:<\/p>\n<div class=\"su-spacer\" style=\"height:5px\"><\/div>\n<div id=\"aq-template-wrapper-420\" class=\"aq-template-wrapper aq_row\"><div class=\"container content_container\"><div class=\"row\"><div id=\"aq-block-1\" class=\"aq-block  aq-block-aq_tabs_block col-md-12  aq-first cf\"><div class=\"panel-group\" id=\"accordion1\"><div class=\"panel panel-default\"><div class=\"panel-heading\"><h4 class=\"panel-title\"><a class=\"\" data-toggle=\"collapse\" data-parent=\"#accordion1\" href=\"#collapse_1_1\">1. PESSOAL<\/a><\/h4><\/div><div id=\"collapse_1_1\" class=\"panel-collapse collapse in\"><div class=\"panel-body\"><ul>\r\n  <li>Guia de Recolhimento da Contribui\u00e7\u00e3o Sindical Patronal;<\/li>\r\n  <li>Folha de Pagamento de sal\u00e1rios e Pr\u00f3 Labore;<\/li>\r\n  <li>GFIP;<\/li>\r\n  <li>GPS;<\/li>\r\n  <li>CAGED;<\/li>\r\n  <li>RAIS;<\/li>\r\n  <li>Recibos de Pagamento de Sal\u00e1rios;<\/li>\r\n  <li>Guia de Recolhimento da Contribui\u00e7\u00e3o Sindical dos Empregados;<\/li>\r\n  <li>Folha de Pagamento do 13\u00ba Sal\u00e1rio;<\/li>\r\n  <li>Recibos de Pagamento do 13\u00ba Sal\u00e1rio;<\/li>\r\n  <li>GPS do Contribuinte individual;<\/li>\r\n  <li>Comprovante do Seguro Desemprego;<\/li>\r\n  <li>Atestados admissionais;<\/li>\r\n  <li>Atestados demissionais;<\/li>\r\n  <li>Aviso Pr\u00e9vio dos Empregados;<\/li>\r\n  <li>Baixa e assinatura dos empregados demitidos no Livro Registro de Empregados;<\/li>\r\n  <li>Comprovantes de envio da GPS para o sindicato;<\/li>\r\n  <li>Documentos referentes ao contrato de trabalho dos empregados (admiss\u00e3o);<\/li>\r\n  <li>Inscri\u00e7\u00e3o no PIS dos empregados;<\/li>\r\n  <li>DCTF;<\/li>\r\n  <li>DIRF;<\/li>\r\n  <li>Comprovante de Rendimentos;<\/li>\r\n  <li>Parcelamento de Multas;<\/li>\r\n  <li>DARF IRF;<\/li>\r\n  <li>Planilha de apontamento;<\/li>\r\n  <li>Atestados peri\u00f3dicos;<\/li>\r\n  <li>Atestados de mudan\u00e7a de fun\u00e7\u00e3o;<\/li>\r\n  <li>CAT comunica\u00e7\u00e3o de acidente de trabalho;<\/li>\r\n  <li>Requerimento de auxilio doen\u00e7a;<\/li>\r\n  <li>Agendamento de pericia INSS;<\/li>\r\n  <li>GRRF;<\/li>\r\n  <li>Termo de homologa\u00e7\u00e3o de contrato de trabalho;<\/li>\r\n  <li>Termo de quita\u00e7\u00e3o de contrato de trabalho;<\/li>\r\n  <li>Homolognet;<\/li>\r\n  <li>Libera\u00e7\u00e3o do Formul\u00e1rio Seguro Desemprego - empregador Web.<\/li>\r\n<\/ul><\/div><\/div><\/div><div class=\"panel panel-default\"><div class=\"panel-heading\"><h4 class=\"panel-title\"><a class=\"collapsed\" data-toggle=\"collapse\" data-parent=\"#accordion1\" href=\"#collapse_1_2\">2. FISCAL<\/a><\/h4><\/div><div id=\"collapse_1_2\" class=\"panel-collapse collapse \"><div class=\"panel-body\"><ul>\r\n  <li>DAPI 1;<\/li>\r\n  <li>DAR (ICMS);<\/li>\r\n  <li>DARM REF ISSQN;<\/li>\r\n  <li>REG;<\/li>\r\n  <li>DCTF;<\/li>\r\n  <li>EFD Contribui\u00e7\u00f5es;<\/li>\r\n  <li>DAPI;<\/li>\r\n  <li>SPED FISCAL;<\/li>\r\n  <li>DESTDA;<\/li>\r\n  <li>DIMOB;<\/li>\r\n  <li>DMED;<\/li>\r\n  <li>DEFIS.<\/li>\r\n<\/ul><\/div><\/div><\/div><div class=\"panel panel-default\"><div class=\"panel-heading\"><h4 class=\"panel-title\"><a class=\"collapsed\" data-toggle=\"collapse\" data-parent=\"#accordion1\" href=\"#collapse_1_3\">3.  JUCEPI \u2013 Junta Comercial<\/a><\/h4><\/div><div id=\"collapse_1_3\" class=\"panel-collapse collapse \"><div class=\"panel-body\"><ul>\r\n  <li>Elabora\u00e7\u00e3o de Contratos de Empresas junto a JUCEPI;<\/li>\r\n  <li>Constitui\u00e7\u00e3o;<\/li>\r\n  <li>Altera\u00e7\u00e3o de Dados;<\/li>\r\n  <li>Distrato;<\/li>\r\n  <li>Emiss\u00e3o de DAR para todos os servi\u00e7os;<\/li>\r\n  <li>Autentica\u00e7\u00e3o de Livros;<\/li>\r\n  <li>Elabora\u00e7\u00e3o de FCN e REMP;<\/li>\r\n  <li>OBS: Protocoliza\u00e7\u00e3o e acompanhamento de processos.<\/li>\r\n<\/ul><\/div><\/div><\/div><div class=\"panel panel-default\"><div class=\"panel-heading\"><h4 class=\"panel-title\"><a class=\"collapsed\" data-toggle=\"collapse\" data-parent=\"#accordion1\" href=\"#collapse_1_4\">4. SEF \u2013 Secretaria Estadual de Fazenda<\/a><\/h4><\/div><div id=\"collapse_1_4\" class=\"panel-collapse collapse \"><div class=\"panel-body\"><ul>\r\n  <li>Inscri\u00e7\u00e3o;<\/li>\r\n  <li>Altera\u00e7\u00e3o de Dados;<\/li>\r\n  <li>Baixa;<\/li>\r\n  <li>Solicita\u00e7\u00e3o de Inscri\u00e7\u00e3o Estadual;<\/li>\r\n  <li>CPR \u2013 Cadastro de Produtor Rural.<\/li>\r\n<\/ul><\/div><\/div><\/div><div class=\"panel panel-default\"><div class=\"panel-heading\"><h4 class=\"panel-title\"><a class=\"collapsed\" data-toggle=\"collapse\" data-parent=\"#accordion1\" href=\"#collapse_1_5\">5. RFB \u2013 Receita Federal do Brasil<\/a><\/h4><\/div><div id=\"collapse_1_5\" class=\"panel-collapse collapse \"><div class=\"panel-body\"><ul>\r\n  <li>Inscri\u00e7\u00e3o;<\/li>\r\n  <li>Altera\u00e7\u00e3o de Dados;<\/li>\r\n  <li>Baixa;<\/li>\r\n  <li>Solicita\u00e7\u00e3o de CPNJ;<\/li>\r\n  <li>FCPJ \u2013 Ficha de Cadastro de Pessoa Jur\u00eddica;<\/li>\r\n  <li>Procura\u00e7\u00e3o Eletr\u00f4nica;<\/li>\r\n  <li>Agendamentos de Senhas Eletr\u00f4nicas;<\/li>\r\n  <li>Parcelamentos de D\u00edvidas;<\/li>\r\n  <li>DBE - elabora\u00e7\u00e3o, libera\u00e7\u00e3o e acompanhamento.<\/li>\r\n<\/ul><\/div><\/div><\/div><div class=\"panel panel-default\"><div class=\"panel-heading\"><h4 class=\"panel-title\"><a class=\"collapsed\" data-toggle=\"collapse\" data-parent=\"#accordion1\" href=\"#collapse_1_6\">6. PREVID\u00caNCIA SOCIAL \u2013 Pessoa Jur\u00eddica<\/a><\/h4><\/div><div id=\"collapse_1_6\" class=\"panel-collapse collapse \"><div class=\"panel-body\"><ul>\r\n  <li>Cadastramento;<\/li>\r\n  <li>Parcelamentos;<\/li>\r\n  <li>Regulariza\u00e7\u00f5es de Pend\u00eancias;<\/li>\r\n  <li>Solicita\u00e7\u00f5es de Consultas;<\/li>\r\n  <li>Solicita\u00e7\u00e3o de Senha Eletr\u00f4nica;<\/li>\r\n  <li>Agendamentos de Senhas Eletr\u00f4nicas.<\/li>\r\n<\/ul><\/div><\/div><\/div><div class=\"panel panel-default\"><div class=\"panel-heading\"><h4 class=\"panel-title\"><a class=\"collapsed\" data-toggle=\"collapse\" data-parent=\"#accordion1\" href=\"#collapse_1_7\">7. CART\u00d3RIO DE PESSOAS JUR\u00cdDICAS<\/a><\/h4><\/div><div id=\"collapse_1_7\" class=\"panel-collapse collapse \"><div class=\"panel-body\"><ul>\r\n  <li>Constitui\u00e7\u00e3o;<\/li>\r\n  <li>Altera\u00e7\u00e3o de Dados;<\/li>\r\n  <li>Distrato.<\/li>\r\n<\/ul><\/div><\/div><\/div><div class=\"panel panel-default\"><div class=\"panel-heading\"><h4 class=\"panel-title\"><a class=\"collapsed\" data-toggle=\"collapse\" data-parent=\"#accordion1\" href=\"#collapse_1_8\">8. PM \u2013 Prefeituras Municipais<\/a><\/h4><\/div><div id=\"collapse_1_8\" class=\"panel-collapse collapse \"><div class=\"panel-body\"><ul>\r\n  <li>Constitui\u00e7\u00e3o;<\/li>\r\n  <li>Altera\u00e7\u00e3o de Dados;<\/li>\r\n  <li>Baixa;<\/li>\r\n  <li>Solicita\u00e7\u00e3o de Alvar\u00e1;<\/li>\r\n  <li>Parcelamento de D\u00edvida ativa.<\/li>\r\n<\/ul><\/div><\/div><\/div><div class=\"panel panel-default\"><div class=\"panel-heading\"><h4 class=\"panel-title\"><a class=\"collapsed\" data-toggle=\"collapse\" data-parent=\"#accordion1\" href=\"#collapse_1_9\">9. CND\u2019s - Emiss\u00e3o de Certid\u00f5es Negativas<\/a><\/h4><\/div><div id=\"collapse_1_9\" class=\"panel-collapse collapse \"><div class=\"panel-body\"><ul>\r\n  <li>Certid\u00e3o Conjunta Procuradoria e Receita Federal;<\/li>\r\n  <li>Certid\u00e3o Previdenci\u00e1ria;<\/li>\r\n  <li>Certid\u00e3o Estadual;<\/li>\r\n  <li>Certid\u00e3o Municipal;<\/li>\r\n  <li>Certid\u00e3o CRF \u2013 FGTS;<\/li>\r\n  <li>Certid\u00f5es de Inteiro Teor JUCEPI.<\/li>\r\n<\/ul><\/div><\/div><\/div><div class=\"panel panel-default\"><div class=\"panel-heading\"><h4 class=\"panel-title\"><a class=\"collapsed\" data-toggle=\"collapse\" data-parent=\"#accordion1\" href=\"#collapse_1_10\">10. PESSOA F\u00cdSICA<\/a><\/h4><\/div><div id=\"collapse_1_10\" class=\"panel-collapse collapse \"><div class=\"panel-body\"><ul>\r\n  <li>IRPF (Imposto de Renda de Pessoa F\u00edsica);<\/li>\r\n  <li>ITR (Imposto sobre propriedade Territorial Rural);<\/li>\r\n  <li>Carn\u00ea-Le\u00e3o;    <\/li>\r\n  <li>CPR (Cadastro de Produtor Rural);<\/li>\r\n  <li>Constru\u00e7\u00e3o Civil;<\/li>\r\n  <li>Dom\u00e9stica;<\/li>\r\n  <li>e-Social.<\/li>\r\n<\/ul><\/div><\/div><\/div><\/div><\/div><\/div><\/div><\/div>\n\n\n<p><\/p>\n","protected":false},"excerpt":{"rendered":"<p>presta\u00e7\u00e3o de servi\u00e7os abrange os seguintes departamentos e setores:<\/p>\n","protected":false},"author":1,"featured_media":0,"parent":0,"menu_order":0,"comment_status":"closed","ping_status":"closed","template":"","meta":{"footnotes":""},"class_list":["post-419","page","type-page","status-publish","hentry"],"_links":{"self":[{"href":"https:\/\/econgeo.com.br\/new\/index.php\/wp-json\/wp\/v2\/pages\/419","targetHints":{"allow":["GET"]}}],"collection":[{"href":"https:\/\/econgeo.com.br\/new\/index.php\/wp-json\/wp\/v2\/pages"}],"about":[{"href":"https:\/\/econgeo.com.br\/new\/index.php\/wp-json\/wp\/v2\/types\/page"}],"author":[{"embeddable":true,"href":"https:\/\/econgeo.com.br\/new\/index.php\/wp-json\/wp\/v2\/users\/1"}],"replies":[{"embeddable":true,"href":"https:\/\/econgeo.com.br\/new\/index.php\/wp-json\/wp\/v2\/comments?post=419"}],"version-history":[{"count":6,"href":"https:\/\/econgeo.com.br\/new\/index.php\/wp-json\/wp\/v2\/pages\/419\/revisions"}],"predecessor-version":[{"id":483,"href":"https:\/\/econgeo.com.br\/new\/index.php\/wp-json\/wp\/v2\/pages\/419\/revisions\/483"}],"wp:attachment":[{"href":"https:\/\/econgeo.com.br\/new\/index.php\/wp-json\/wp\/v2\/media?parent=419"}],"curies":[{"name":"wp","href":"https:\/\/api.w.org\/{rel}","templated":true}]}}